{"id":89,"date":"2025-09-23T10:07:46","date_gmt":"2025-09-23T13:07:46","guid":{"rendered":"https:\/\/glprimecost.com.br\/?page_id=89"},"modified":"2025-10-13T22:25:20","modified_gmt":"2025-10-14T01:25:20","slug":"imposto-de-renda","status":"publish","type":"page","link":"https:\/\/glprimecost.com.br\/?page_id=89","title":{"rendered":"Imposto de Renda"},"content":{"rendered":"\t\t<div data-elementor-type=\"wp-page\" data-elementor-id=\"89\" class=\"elementor elementor-89\" data-elementor-post-type=\"page\">\n\t\t\t\t<div class=\"elementor-element elementor-element-ee8bb7a e-con-full e-flex e-con e-parent\" data-id=\"ee8bb7a\" data-element_type=\"container\">\n\t\t<div class=\"elementor-element elementor-element-1d97429 e-con-full e-flex e-con e-child\" data-id=\"1d97429\" data-element_type=\"container\">\n\t\t\t\t<div class=\"elementor-element elementor-element-c6d8c44 elementor-widget elementor-widget-image\" data-id=\"c6d8c44\" data-element_type=\"widget\" data-widget_type=\"image.default\">\n\t\t\t\t\t\t\t\t\t\t\t\t\t\t\t<img fetchpriority=\"high\" decoding=\"async\" width=\"800\" height=\"532\" src=\"https:\/\/glprimecost.com.br\/wp-content\/uploads\/2025\/10\/imagem_2025-10-05_235334945.png\" class=\"attachment-large size-large wp-image-304\" alt=\"\" srcset=\"https:\/\/glprimecost.com.br\/wp-content\/uploads\/2025\/10\/imagem_2025-10-05_235334945.png 1024w, https:\/\/glprimecost.com.br\/wp-content\/uploads\/2025\/10\/imagem_2025-10-05_235334945-300x200.png 300w, https:\/\/glprimecost.com.br\/wp-content\/uploads\/2025\/10\/imagem_2025-10-05_235334945-768x511.png 768w, https:\/\/glprimecost.com.br\/wp-content\/uploads\/2025\/10\/imagem_2025-10-05_235334945-600x399.png 600w\" sizes=\"(max-width: 800px) 100vw, 800px\" \/>\t\t\t\t\t\t\t\t\t\t\t\t\t\t\t<\/div>\n\t\t\t\t<\/div>\n\t\t<div class=\"elementor-element elementor-element-c4d9586 e-con-full e-flex e-con e-child\" data-id=\"c4d9586\" data-element_type=\"container\">\n\t\t\t\t<div class=\"elementor-element elementor-element-3ba09fe elementor-widget elementor-widget-heading\" data-id=\"3ba09fe\" data-element_type=\"widget\" data-widget_type=\"heading.default\">\n\t\t\t\t\t<h2 class=\"elementor-heading-title elementor-size-default\">Declara\u00e7\u00e3o do Imposto de Renda<\/h2>\t\t\t\t<\/div>\n\t\t\t\t<div class=\"elementor-element elementor-element-2ed6605 elementor-widget__width-initial elementor-widget elementor-widget-text-editor\" data-id=\"2ed6605\" data-element_type=\"widget\" data-widget_type=\"text-editor.default\">\n\t\t\t\t\t\t\t\t\t<p>O imposto sobre a renda ou imposto sobre o rendimento \u00e9 um tributo existente em v\u00e1rios pa\u00edses, que cada contribuinte paga, seja ele pessoa f\u00edsica ou pessoa jur\u00eddica, dependendo da situa\u00e7\u00e3o haver\u00e1 uma certa porcentagem a ser pago reativo a renda apurada, esse imposto ser\u00e1 recolhido ao governo, nacional ou regional, dependendo de cada jurisdi\u00e7\u00e3o.<\/p>\t\t\t\t\t\t\t\t<\/div>\n\t\t\t\t<\/div>\n\t\t\t\t<\/div>\n\t\t<div class=\"elementor-element elementor-element-f27f134 e-con-full e-flex e-con e-parent\" data-id=\"f27f134\" data-element_type=\"container\">\n\t\t\t\t<div class=\"elementor-element elementor-element-0944149 elementor-widget__width-initial elementor-widget elementor-widget-text-editor\" data-id=\"0944149\" data-element_type=\"widget\" data-widget_type=\"text-editor.default\">\n\t\t\t\t\t\t\t\t\t<p>O imposto sobre a renda ou imposto sobre os rendimentos obtidos,&nbsp; seja ele pessoa f\u00edsica ou pessoa jur\u00eddica, paga uma certa porcentagem de sua renda ao governo, nacional ou regional, a depender de cada jurisdi\u00e7\u00e3o. No Brasil o Imposto de Renda e declarado anualmente<\/p>\t\t\t\t\t\t\t\t<\/div>\n\t\t\t\t<div class=\"elementor-element elementor-element-9859495 elementor-widget elementor-widget-heading\" data-id=\"9859495\" data-element_type=\"widget\" data-widget_type=\"heading.default\">\n\t\t\t\t\t<h4 class=\"elementor-heading-title elementor-size-default\">Conhe\u00e7a as etapas iniciais para elabora\u00e7\u00e3o da declara\u00e7\u00e3o de Imposto de Renda anual<\/h4>\t\t\t\t<\/div>\n\t\t\t\t<div class=\"elementor-element elementor-element-d1100fe elementor-widget__width-initial elementor-widget-mobile__width-initial elementor-widget elementor-widget-text-editor\" data-id=\"d1100fe\" data-element_type=\"widget\" data-widget_type=\"text-editor.default\">\n\t\t\t\t\t\t\t\t\t<p><b>a.) <\/b>Verificar a obrigatoriedade: Conferir se voc\u00ea se enquadra nos crit\u00e9rios da Receita Federal que tornam a declara\u00e7\u00e3o obrigat\u00f3ria (rendimentos, bens, etc.).<\/p>\n<p><b>b.)<\/b> Reunir a documenta\u00e7\u00e3o: Coletar todos os documentos necess\u00e1rios, como:<br>Informes de Rendimentos (fornecidos por empregadores, bancos, etc.).<\/p>\n<p><b>c.)<\/b> Comprovantes de despesas dedut\u00edveis (sa\u00fade, educa\u00e7\u00e3o, pens\u00e3o aliment\u00edcia, etc.).<\/p>\n<p><b>d.)<\/b> Documentos de bens e direitos (im\u00f3veis, ve\u00edculos, aplica\u00e7\u00f5es financeiras).<\/p>\n<p><b>e.)<\/b> Dados pessoais (CPF, comprovante de endere\u00e7o).<\/p>\n<p><b>f.)<\/b> C\u00f3pia da declara\u00e7\u00e3o do ano anterior (se houver).<\/p>\n<p><b>g.)<\/b> Escolher a forma de preenchimento:&nbsp;<\/p>\n<p><b>&nbsp; &nbsp; &nbsp; g.1.)<\/b> Preenchimento: Na <b>Gl Prime Cost, Assessoria Cont\u00e1bil<\/b> voc\u00ea ter\u00e1 a disposi\u00e7\u00e3o nosso equipe pronta para resolver todos os itens e elaborar o seu Imposto de Renda de forma coesa e com objetividade necess\u00e1ria e deixar suas obriga\u00e7\u00f5es di\u00e1rias em dia.<\/p>\t\t\t\t\t\t\t\t<\/div>\n\t\t\t\t<\/div>\n\t\t<div class=\"elementor-element elementor-element-d46f539 e-flex e-con-boxed e-con e-parent\" data-id=\"d46f539\" data-element_type=\"container\" data-settings=\"{&quot;background_background&quot;:&quot;gradient&quot;}\">\n\t\t\t\t\t<div class=\"e-con-inner\">\n\t\t<div class=\"elementor-element elementor-element-26966ca e-con-full e-flex e-con e-child\" data-id=\"26966ca\" data-element_type=\"container\">\n\t\t\t\t<div class=\"elementor-element elementor-element-eebb3f7 elementor-widget elementor-widget-image\" data-id=\"eebb3f7\" data-element_type=\"widget\" data-widget_type=\"image.default\">\n\t\t\t\t\t\t\t\t\t\t\t\t\t\t\t<img decoding=\"async\" width=\"300\" height=\"265\" src=\"https:\/\/glprimecost.com.br\/wp-content\/uploads\/2025\/10\/GL-Prime-Cost-favicon-300x265.png\" class=\"attachment-medium size-medium wp-image-279\" alt=\"\" srcset=\"https:\/\/glprimecost.com.br\/wp-content\/uploads\/2025\/10\/GL-Prime-Cost-favicon-300x265.png 300w, https:\/\/glprimecost.com.br\/wp-content\/uploads\/2025\/10\/GL-Prime-Cost-favicon-1024x906.png 1024w, https:\/\/glprimecost.com.br\/wp-content\/uploads\/2025\/10\/GL-Prime-Cost-favicon-768x679.png 768w, https:\/\/glprimecost.com.br\/wp-content\/uploads\/2025\/10\/GL-Prime-Cost-favicon-1536x1358.png 1536w, https:\/\/glprimecost.com.br\/wp-content\/uploads\/2025\/10\/GL-Prime-Cost-favicon-600x531.png 600w, https:\/\/glprimecost.com.br\/wp-content\/uploads\/2025\/10\/GL-Prime-Cost-favicon.png 1608w\" sizes=\"(max-width: 300px) 100vw, 300px\" \/>\t\t\t\t\t\t\t\t\t\t\t\t\t\t\t<\/div>\n\t\t\t\t<\/div>\n\t\t<div class=\"elementor-element elementor-element-62873f2 e-con-full e-flex e-con e-child\" data-id=\"62873f2\" data-element_type=\"container\">\n\t\t\t\t<div class=\"elementor-element elementor-element-13b38a7 elementor-widget elementor-widget-text-editor\" data-id=\"13b38a7\" data-element_type=\"widget\" data-widget_type=\"text-editor.default\">\n\t\t\t\t\t\t\t\t\t<p><b>IMPORTANTE: Anualmente os brasileiros precisam declarar \u00e0 Receita Federal o IRPF &#8211; Imposto de Renda da Pessoa F\u00edsica. Esta declara\u00e7\u00e3o pode ser feita at\u00e9 30 de maio de cada ano. A entrega pode ser feita gratuitamente pela internet. Fazendo com calma e estudando a declara\u00e7\u00e3o pode-se conseguir economias importantes. Com uma declara\u00e7\u00e3o bem feita o contribuinte fica livre da malha fina e recebe a sua restitui\u00e7\u00e3o mais rapidamente.<\/b><\/p>\t\t\t\t\t\t\t\t<\/div>\n\t\t\t\t<\/div>\n\t\t\t\t\t<\/div>\n\t\t\t\t<\/div>\n\t\t<div class=\"elementor-element elementor-element-b5ecef6 e-flex e-con-boxed e-con e-parent\" data-id=\"b5ecef6\" data-element_type=\"container\" data-settings=\"{&quot;background_background&quot;:&quot;gradient&quot;}\">\n\t\t\t\t\t<div class=\"e-con-inner\">\n\t\t\t\t<div class=\"elementor-element elementor-element-1562084 elementor-widget elementor-widget-heading\" data-id=\"1562084\" data-element_type=\"widget\" data-widget_type=\"heading.default\">\n\t\t\t\t\t<h3 class=\"elementor-heading-title elementor-size-default\">Entre em contato com a  nossa equipe<\/h3>\t\t\t\t<\/div>\n\t\t\t\t<div class=\"elementor-element elementor-element-6d70bf5 elementor-align-center elementor-widget__width-initial elementor-widget-mobile__width-initial elementor-icon-list--layout-traditional elementor-list-item-link-full_width elementor-widget elementor-widget-icon-list\" data-id=\"6d70bf5\" data-element_type=\"widget\" data-widget_type=\"icon-list.default\">\n\t\t\t\t\t\t\t<ul class=\"elementor-icon-list-items\">\n\t\t\t\t\t\t\t<li class=\"elementor-icon-list-item\">\n\t\t\t\t\t\t\t\t\t\t\t<span class=\"elementor-icon-list-icon\">\n\t\t\t\t\t\t\t<svg aria-hidden=\"true\" class=\"e-font-icon-svg e-fas-envelope\" viewBox=\"0 0 512 512\" xmlns=\"http:\/\/www.w3.org\/2000\/svg\"><path d=\"M502.3 190.8c3.9-3.1 9.7-.2 9.7 4.7V400c0 26.5-21.5 48-48 48H48c-26.5 0-48-21.5-48-48V195.6c0-5 5.7-7.8 9.7-4.7 22.4 17.4 52.1 39.5 154.1 113.6 21.1 15.4 56.7 47.8 92.2 47.6 35.7.3 72-32.8 92.3-47.6 102-74.1 131.6-96.3 154-113.7zM256 320c23.2.4 56.6-29.2 73.4-41.4 132.7-96.3 142.8-104.7 173.4-128.7 5.8-4.5 9.2-11.5 9.2-18.9v-19c0-26.5-21.5-48-48-48H48C21.5 64 0 85.5 0 112v19c0 7.4 3.4 14.3 9.2 18.9 30.6 23.9 40.7 32.4 173.4 128.7 16.8 12.2 50.2 41.8 73.4 41.4z\"><\/path><\/svg>\t\t\t\t\t\t<\/span>\n\t\t\t\t\t\t\t\t\t\t<span class=\"elementor-icon-list-text\">contato@glprimecost.com.br<\/span>\n\t\t\t\t\t\t\t\t\t<\/li>\n\t\t\t\t\t\t\t\t<li class=\"elementor-icon-list-item\">\n\t\t\t\t\t\t\t\t\t\t\t<span class=\"elementor-icon-list-icon\">\n\t\t\t\t\t\t\t<svg aria-hidden=\"true\" class=\"e-font-icon-svg e-fas-phone-square\" viewBox=\"0 0 448 512\" xmlns=\"http:\/\/www.w3.org\/2000\/svg\"><path d=\"M400 32H48C21.49 32 0 53.49 0 80v352c0 26.51 21.49 48 48 48h352c26.51 0 48-21.49 48-48V80c0-26.51-21.49-48-48-48zM94 416c-7.033 0-13.057-4.873-14.616-11.627l-14.998-65a15 15 0 0 1 8.707-17.16l69.998-29.999a15 15 0 0 1 17.518 4.289l30.997 37.885c48.944-22.963 88.297-62.858 110.781-110.78l-37.886-30.997a15.001 15.001 0 0 1-4.289-17.518l30-69.998a15 15 0 0 1 17.16-8.707l65 14.998A14.997 14.997 0 0 1 384 126c0 160.292-129.945 290-290 290z\"><\/path><\/svg>\t\t\t\t\t\t<\/span>\n\t\t\t\t\t\t\t\t\t\t<span class=\"elementor-icon-list-text\">(11) 99379-9550<\/span>\n\t\t\t\t\t\t\t\t\t<\/li>\n\t\t\t\t\t\t\t\t<li class=\"elementor-icon-list-item\">\n\t\t\t\t\t\t\t\t\t\t\t<span class=\"elementor-icon-list-icon\">\n\t\t\t\t\t\t\t<svg aria-hidden=\"true\" class=\"e-font-icon-svg e-fab-whatsapp\" viewBox=\"0 0 448 512\" xmlns=\"http:\/\/www.w3.org\/2000\/svg\"><path d=\"M380.9 97.1C339 55.1 283.2 32 223.9 32c-122.4 0-222 99.6-222 222 0 39.1 10.2 77.3 29.6 111L0 480l117.7-30.9c32.4 17.7 68.9 27 106.1 27h.1c122.3 0 224.1-99.6 224.1-222 0-59.3-25.2-115-67.1-157zm-157 341.6c-33.2 0-65.7-8.9-94-25.7l-6.7-4-69.8 18.3L72 359.2l-4.4-7c-18.5-29.4-28.2-63.3-28.2-98.2 0-101.7 82.8-184.5 184.6-184.5 49.3 0 95.6 19.2 130.4 54.1 34.8 34.9 56.2 81.2 56.1 130.5 0 101.8-84.9 184.6-186.6 184.6zm101.2-138.2c-5.5-2.8-32.8-16.2-37.9-18-5.1-1.9-8.8-2.8-12.5 2.8-3.7 5.6-14.3 18-17.6 21.8-3.2 3.7-6.5 4.2-12 1.4-32.6-16.3-54-29.1-75.5-66-5.7-9.8 5.7-9.1 16.3-30.3 1.8-3.7.9-6.9-.5-9.7-1.4-2.8-12.5-30.1-17.1-41.2-4.5-10.8-9.1-9.3-12.5-9.5-3.2-.2-6.9-.2-10.6-.2-3.7 0-9.7 1.4-14.8 6.9-5.1 5.6-19.4 19-19.4 46.3 0 27.3 19.9 53.7 22.6 57.4 2.8 3.7 39.1 59.7 94.8 83.8 35.2 15.2 49 16.5 66.6 13.9 10.7-1.6 32.8-13.4 37.4-26.4 4.6-13 4.6-24.1 3.2-26.4-1.3-2.5-5-3.9-10.5-6.6z\"><\/path><\/svg>\t\t\t\t\t\t<\/span>\n\t\t\t\t\t\t\t\t\t\t<span class=\"elementor-icon-list-text\">(11) 99379-9550<\/span>\n\t\t\t\t\t\t\t\t\t<\/li>\n\t\t\t\t\t\t<\/ul>\n\t\t\t\t\t\t<\/div>\n\t\t\t\t<div class=\"elementor-element elementor-element-ef4c13d elementor-widget__width-initial elementor-widget-mobile__width-initial elementor-widget elementor-widget-text-editor\" data-id=\"ef4c13d\" data-element_type=\"widget\" data-widget_type=\"text-editor.default\">\n\t\t\t\t\t\t\t\t\t<p>Preencha o formul\u00e1rio abaixo que ser\u00e1 enviado e respondido em breve por nossa equipe, confira o seu e-mail e whatsapp &#8211; Agradecemos o seu contato!<\/p>\t\t\t\t\t\t\t\t<\/div>\n\t\t\t\t<div class=\"elementor-element elementor-element-48ff305 elementor-widget__width-initial elementor-widget-mobile__width-initial elementor-button-align-stretch elementor-widget elementor-widget-form\" data-id=\"48ff305\" data-element_type=\"widget\" data-settings=\"{&quot;step_next_label&quot;:&quot;Pr\\u00f3ximo&quot;,&quot;step_previous_label&quot;:&quot;Anterior&quot;,&quot;button_width&quot;:&quot;100&quot;,&quot;step_type&quot;:&quot;number_text&quot;,&quot;step_icon_shape&quot;:&quot;circle&quot;}\" data-widget_type=\"form.default\">\n\t\t\t\t\t\t\t<form class=\"elementor-form\" method=\"post\" name=\"Novo formul\u00e1rio\" aria-label=\"Novo formul\u00e1rio\">\n\t\t\t<input type=\"hidden\" name=\"post_id\" value=\"89\"\/>\n\t\t\t<input type=\"hidden\" name=\"form_id\" value=\"48ff305\"\/>\n\t\t\t<input type=\"hidden\" name=\"referer_title\" value=\"Imposto de Renda\" \/>\n\n\t\t\t\t\t\t\t<input type=\"hidden\" name=\"queried_id\" value=\"89\"\/>\n\t\t\t\n\t\t\t<div class=\"elementor-form-fields-wrapper elementor-labels-above\">\n\t\t\t\t\t\t\t\t<div class=\"elementor-field-type-text elementor-field-group elementor-column elementor-field-group-name elementor-col-100\">\n\t\t\t\t\t\t\t\t\t\t\t\t<label for=\"form-field-name\" class=\"elementor-field-label\">\n\t\t\t\t\t\t\t\tNome\t\t\t\t\t\t\t<\/label>\n\t\t\t\t\t\t\t\t\t\t\t\t\t\t<input size=\"1\" type=\"text\" name=\"form_fields[name]\" id=\"form-field-name\" class=\"elementor-field elementor-size-sm  elementor-field-textual\" placeholder=\"Digite o seu Nome\">\n\t\t\t\t\t\t\t\t\t\t\t<\/div>\n\t\t\t\t\t\t\t\t<div class=\"elementor-field-type-email elementor-field-group elementor-column elementor-field-group-email elementor-col-100 elementor-field-required\">\n\t\t\t\t\t\t\t\t\t\t\t\t<label for=\"form-field-email\" class=\"elementor-field-label\">\n\t\t\t\t\t\t\t\tE-mail\t\t\t\t\t\t\t<\/label>\n\t\t\t\t\t\t\t\t\t\t\t\t\t\t<input size=\"1\" type=\"email\" name=\"form_fields[email]\" id=\"form-field-email\" class=\"elementor-field elementor-size-sm  elementor-field-textual\" placeholder=\"Digite aqui o seu E-mail\" required=\"required\">\n\t\t\t\t\t\t\t\t\t\t\t<\/div>\n\t\t\t\t\t\t\t\t<div class=\"elementor-field-type-text elementor-field-group elementor-column elementor-field-group-field_8f7d0cd elementor-col-100\">\n\t\t\t\t\t\t\t\t\t\t\t\t<label for=\"form-field-field_8f7d0cd\" class=\"elementor-field-label\">\n\t\t\t\t\t\t\t\tTelefone\/Celular\t\t\t\t\t\t\t<\/label>\n\t\t\t\t\t\t\t\t\t\t\t\t\t\t<input size=\"1\" type=\"text\" name=\"form_fields[field_8f7d0cd]\" id=\"form-field-field_8f7d0cd\" class=\"elementor-field elementor-size-sm  elementor-field-textual\" placeholder=\"Digite aquio seu telefone\">\n\t\t\t\t\t\t\t\t\t\t\t<\/div>\n\t\t\t\t\t\t\t\t<div class=\"elementor-field-type-textarea elementor-field-group elementor-column elementor-field-group-message elementor-col-100\">\n\t\t\t\t\t\t\t\t\t\t\t\t<label for=\"form-field-message\" class=\"elementor-field-label\">\n\t\t\t\t\t\t\t\tMensagem\t\t\t\t\t\t\t<\/label>\n\t\t\t\t\t\t<textarea class=\"elementor-field-textual elementor-field  elementor-size-sm\" name=\"form_fields[message]\" id=\"form-field-message\" rows=\"4\" placeholder=\"Deixe aqui a sua mensagem, d\u00favida ou sugest\u00e3o!\"><\/textarea>\t\t\t\t<\/div>\n\t\t\t\t\t\t\t\t<div class=\"elementor-field-group elementor-column elementor-field-type-submit elementor-col-100 e-form__buttons\">\n\t\t\t\t\t<button class=\"elementor-button elementor-size-sm\" type=\"submit\">\n\t\t\t\t\t\t<span class=\"elementor-button-content-wrapper\">\n\t\t\t\t\t\t\t\t\t\t\t\t\t\t\t\t\t\t\t\t\t\t<span class=\"elementor-button-text\">Enviar mensagem a equipe  da GL Prime Cost<\/span>\n\t\t\t\t\t\t\t\t\t\t\t\t\t<\/span>\n\t\t\t\t\t<\/button>\n\t\t\t\t<\/div>\n\t\t\t<\/div>\n\t\t<\/form>\n\t\t\t\t\t\t<\/div>\n\t\t\t\t\t<\/div>\n\t\t\t\t<\/div>\n\t\t\t\t<\/div>\n\t\t","protected":false},"excerpt":{"rendered":"<p>Declara\u00e7\u00e3o do Imposto de Renda O imposto sobre a renda ou imposto sobre o rendimento \u00e9 um tributo existente em v\u00e1rios pa\u00edses, que cada contribuinte paga, seja ele pessoa f\u00edsica ou pessoa jur\u00eddica, dependendo da situa\u00e7\u00e3o haver\u00e1 uma certa porcentagem a ser pago reativo a renda apurada, esse imposto ser\u00e1 recolhido ao governo, nacional ou [&hellip;]<\/p>\n","protected":false},"author":1,"featured_media":0,"parent":0,"menu_order":0,"comment_status":"closed","ping_status":"closed","template":"elementor_header_footer","meta":{"footnotes":""},"class_list":["post-89","page","type-page","status-publish","hentry"],"_links":{"self":[{"href":"https:\/\/glprimecost.com.br\/index.php?rest_route=\/wp\/v2\/pages\/89","targetHints":{"allow":["GET"]}}],"collection":[{"href":"https:\/\/glprimecost.com.br\/index.php?rest_route=\/wp\/v2\/pages"}],"about":[{"href":"https:\/\/glprimecost.com.br\/index.php?rest_route=\/wp\/v2\/types\/page"}],"author":[{"embeddable":true,"href":"https:\/\/glprimecost.com.br\/index.php?rest_route=\/wp\/v2\/users\/1"}],"replies":[{"embeddable":true,"href":"https:\/\/glprimecost.com.br\/index.php?rest_route=%2Fwp%2Fv2%2Fcomments&post=89"}],"version-history":[{"count":28,"href":"https:\/\/glprimecost.com.br\/index.php?rest_route=\/wp\/v2\/pages\/89\/revisions"}],"predecessor-version":[{"id":536,"href":"https:\/\/glprimecost.com.br\/index.php?rest_route=\/wp\/v2\/pages\/89\/revisions\/536"}],"wp:attachment":[{"href":"https:\/\/glprimecost.com.br\/index.php?rest_route=%2Fwp%2Fv2%2Fmedia&parent=89"}],"curies":[{"name":"wp","href":"https:\/\/api.w.org\/{rel}","templated":true}]}}