{"id":81,"date":"2025-09-23T10:03:23","date_gmt":"2025-09-23T13:03:23","guid":{"rendered":"https:\/\/glprimecost.com.br\/?page_id=81"},"modified":"2025-10-15T12:08:08","modified_gmt":"2025-10-15T15:08:08","slug":"abertura-de-empresa","status":"publish","type":"page","link":"https:\/\/glprimecost.com.br\/?page_id=81","title":{"rendered":"Abertura de Empresa"},"content":{"rendered":"\t\t<div data-elementor-type=\"wp-page\" data-elementor-id=\"81\" class=\"elementor elementor-81\" data-elementor-post-type=\"page\">\n\t\t\t\t<div class=\"elementor-element elementor-element-c854c20 e-flex e-con-boxed e-con e-parent\" data-id=\"c854c20\" data-element_type=\"container\">\n\t\t\t\t\t<div class=\"e-con-inner\">\n\t\t<div class=\"elementor-element elementor-element-47281d5 e-con-full e-flex e-con e-child\" data-id=\"47281d5\" data-element_type=\"container\">\n\t\t\t\t<div class=\"elementor-element elementor-element-0206cf7 elementor-widget elementor-widget-image\" data-id=\"0206cf7\" data-element_type=\"widget\" data-widget_type=\"image.default\">\n\t\t\t\t\t\t\t\t\t\t\t\t\t\t\t<img fetchpriority=\"high\" decoding=\"async\" width=\"800\" height=\"800\" src=\"https:\/\/glprimecost.com.br\/wp-content\/uploads\/2025\/10\/Escritorio2.png\" class=\"attachment-large size-large wp-image-268\" alt=\"\" srcset=\"https:\/\/glprimecost.com.br\/wp-content\/uploads\/2025\/10\/Escritorio2.png 1024w, https:\/\/glprimecost.com.br\/wp-content\/uploads\/2025\/10\/Escritorio2-300x300.png 300w, https:\/\/glprimecost.com.br\/wp-content\/uploads\/2025\/10\/Escritorio2-150x150.png 150w, https:\/\/glprimecost.com.br\/wp-content\/uploads\/2025\/10\/Escritorio2-768x768.png 768w, https:\/\/glprimecost.com.br\/wp-content\/uploads\/2025\/10\/Escritorio2-600x600.png 600w, https:\/\/glprimecost.com.br\/wp-content\/uploads\/2025\/10\/Escritorio2-100x100.png 100w\" sizes=\"(max-width: 800px) 100vw, 800px\" \/>\t\t\t\t\t\t\t\t\t\t\t\t\t\t\t<\/div>\n\t\t\t\t<\/div>\n\t\t<div class=\"elementor-element elementor-element-2756b95 e-con-full e-flex e-con e-child\" data-id=\"2756b95\" data-element_type=\"container\">\n\t\t\t\t<div class=\"elementor-element elementor-element-e70003a elementor-widget elementor-widget-heading\" data-id=\"e70003a\" data-element_type=\"widget\" data-widget_type=\"heading.default\">\n\t\t\t\t\t<h5 class=\"elementor-heading-title elementor-size-default\">Abrindo sua empresa hoje  comece aproveitar os seus benef\u00edcios,  com a equipe da GL Prime Cost a sua disposi\u00e7\u00e3o!<\/h5>\t\t\t\t<\/div>\n\t\t\t\t<div class=\"elementor-element elementor-element-ee992c1 elementor-widget elementor-widget-text-editor\" data-id=\"ee992c1\" data-element_type=\"widget\" data-widget_type=\"text-editor.default\">\n\t\t\t\t\t\t\t\t\t<p>Na abertura de uma empresa o planejamento correto desde do princ\u00edpio ser\u00e1 necess\u00e1rio para beneficiar o neg\u00f3cio, visando uma melhor movimenta\u00e7\u00e3o futura, escolher a natureza jur\u00eddica, o ramo e suas atividades relacionadas (<b>CNAE<\/b>), a viabilidade do nome e sua localiza\u00e7\u00e3o s\u00e3o fundamentais, tamb\u00e9m ser\u00e1 necess\u00e1rio elabora\u00e7\u00e3o de um contrato social, que ser\u00e1 posteriormente\u00a0 registrado, detalhando a constitui\u00e7\u00e3o e o estatuto da empresa quanto ao seu funcionamento e a gest\u00e3o do neg\u00f3cio.<\/p>\t\t\t\t\t\t\t\t<\/div>\n\t\t\t\t<\/div>\n\t\t\t\t\t<\/div>\n\t\t\t\t<\/div>\n\t\t<div class=\"elementor-element elementor-element-f2a2f54 e-con-full e-flex e-con e-parent\" data-id=\"f2a2f54\" data-element_type=\"container\" data-settings=\"{&quot;background_background&quot;:&quot;gradient&quot;}\">\n\t\t\t\t<div class=\"elementor-element elementor-element-5c83b7a elementor-widget elementor-widget-heading\" data-id=\"5c83b7a\" data-element_type=\"widget\" data-widget_type=\"heading.default\">\n\t\t\t\t\t<h4 class=\"elementor-heading-title elementor-size-default\">Duvidas na hora de abrir sua empresa?<br>te ajudaremos, entre em contato com nossa equipe<br><\/h4>\t\t\t\t<\/div>\n\t\t\t\t<div class=\"elementor-element elementor-element-731b2e0 elementor-widget__width-initial elementor-widget-mobile__width-initial elementor-button-align-stretch elementor-widget elementor-widget-form\" data-id=\"731b2e0\" data-element_type=\"widget\" data-settings=\"{&quot;step_next_label&quot;:&quot;Pr\\u00f3ximo&quot;,&quot;step_previous_label&quot;:&quot;Anterior&quot;,&quot;button_width&quot;:&quot;100&quot;,&quot;step_type&quot;:&quot;number_text&quot;,&quot;step_icon_shape&quot;:&quot;circle&quot;}\" data-widget_type=\"form.default\">\n\t\t\t\t\t\t\t<form class=\"elementor-form\" method=\"post\" name=\"Novo formul\u00e1rio\" aria-label=\"Novo formul\u00e1rio\">\n\t\t\t<input type=\"hidden\" name=\"post_id\" value=\"81\"\/>\n\t\t\t<input type=\"hidden\" name=\"form_id\" value=\"731b2e0\"\/>\n\t\t\t<input type=\"hidden\" name=\"referer_title\" value=\"Abertura de Empresa\" \/>\n\n\t\t\t\t\t\t\t<input type=\"hidden\" name=\"queried_id\" value=\"81\"\/>\n\t\t\t\n\t\t\t<div class=\"elementor-form-fields-wrapper elementor-labels-above\">\n\t\t\t\t\t\t\t\t<div class=\"elementor-field-type-text elementor-field-group elementor-column elementor-field-group-field_90d0f0d elementor-col-100\">\n\t\t\t\t\t\t\t\t\t\t\t\t<label for=\"form-field-field_90d0f0d\" class=\"elementor-field-label\">\n\t\t\t\t\t\t\t\tNome\t\t\t\t\t\t\t<\/label>\n\t\t\t\t\t\t\t\t\t\t\t\t\t\t<input size=\"1\" type=\"text\" name=\"form_fields[field_90d0f0d]\" id=\"form-field-field_90d0f0d\" class=\"elementor-field elementor-size-sm  elementor-field-textual\" placeholder=\"Digite o seu nome aqui!\">\n\t\t\t\t\t\t\t\t\t\t\t<\/div>\n\t\t\t\t\t\t\t\t<div class=\"elementor-field-type-tel elementor-field-group elementor-column elementor-field-group-email elementor-col-100 elementor-field-required\">\n\t\t\t\t\t\t\t\t\t\t\t\t<label for=\"form-field-email\" class=\"elementor-field-label\">\n\t\t\t\t\t\t\t\tTelefone\/Celular\t\t\t\t\t\t\t<\/label>\n\t\t\t\t\t\t\t\t<input size=\"1\" type=\"tel\" name=\"form_fields[email]\" id=\"form-field-email\" class=\"elementor-field elementor-size-sm  elementor-field-textual\" placeholder=\"Digite o seu Telefone\/Celular\" required=\"required\" pattern=\"[0-9()#&amp;+*-=.]+\" title=\"Apenas n\u00fameros e caracteres de telefone (#, -, *, etc.) s\u00e3o aceitos.\">\n\n\t\t\t\t\t\t<\/div>\n\t\t\t\t\t\t\t\t<div class=\"elementor-field-type-email elementor-field-group elementor-column elementor-field-group-field_dc1d45a elementor-col-100 elementor-field-required\">\n\t\t\t\t\t\t\t\t\t\t\t\t<label for=\"form-field-field_dc1d45a\" class=\"elementor-field-label\">\n\t\t\t\t\t\t\t\tSeu E-Mail\t\t\t\t\t\t\t<\/label>\n\t\t\t\t\t\t\t\t\t\t\t\t\t\t<input size=\"1\" type=\"email\" name=\"form_fields[field_dc1d45a]\" id=\"form-field-field_dc1d45a\" class=\"elementor-field elementor-size-sm  elementor-field-textual\" placeholder=\"Digite o seu E-mail\" required=\"required\">\n\t\t\t\t\t\t\t\t\t\t\t<\/div>\n\t\t\t\t\t\t\t\t<div class=\"elementor-field-type-textarea elementor-field-group elementor-column elementor-field-group-message elementor-col-100\">\n\t\t\t\t\t\t\t\t\t\t\t\t<label for=\"form-field-message\" class=\"elementor-field-label\">\n\t\t\t\t\t\t\t\tSua mensagem\t\t\t\t\t\t\t<\/label>\n\t\t\t\t\t\t<textarea class=\"elementor-field-textual elementor-field  elementor-size-sm\" name=\"form_fields[message]\" id=\"form-field-message\" rows=\"4\" placeholder=\"Deixe um coment\u00e1rio ou d\u00favida \"><\/textarea>\t\t\t\t<\/div>\n\t\t\t\t\t\t\t\t<div class=\"elementor-field-group elementor-column elementor-field-type-submit elementor-col-100 e-form__buttons\">\n\t\t\t\t\t<button class=\"elementor-button elementor-size-sm\" type=\"submit\">\n\t\t\t\t\t\t<span class=\"elementor-button-content-wrapper\">\n\t\t\t\t\t\t\t\t\t\t\t\t\t\t\t\t\t\t\t\t\t\t<span class=\"elementor-button-text\"> ENVIAR SUA MENSAGEM A GL PRIME COST<\/span>\n\t\t\t\t\t\t\t\t\t\t\t\t\t<\/span>\n\t\t\t\t\t<\/button>\n\t\t\t\t<\/div>\n\t\t\t<\/div>\n\t\t<\/form>\n\t\t\t\t\t\t<\/div>\n\t\t\t\t<\/div>\n\t\t<div class=\"elementor-element elementor-element-1264357 e-con-full e-flex e-con e-parent\" data-id=\"1264357\" data-element_type=\"container\">\n\t\t\t\t<div class=\"elementor-element elementor-element-8988d2d elementor-widget__width-initial elementor-widget elementor-widget-heading\" data-id=\"8988d2d\" data-element_type=\"widget\" data-widget_type=\"heading.default\">\n\t\t\t\t\t<h4 class=\"elementor-heading-title elementor-size-default\"><span style=\"font-weight: bolder;color: inherit;font-family: inherit;text-align: left;font-size: 1.5rem\">Estrat\u00e9gias  da contabilidade na abertura de sua empresa<\/span><\/h4>\t\t\t\t<\/div>\n\t\t\t\t<div class=\"elementor-element elementor-element-98de4f7 elementor-widget elementor-widget-image\" data-id=\"98de4f7\" data-element_type=\"widget\" data-widget_type=\"image.default\">\n\t\t\t\t\t\t\t\t\t\t\t\t\t\t\t<img decoding=\"async\" width=\"800\" height=\"547\" src=\"https:\/\/glprimecost.com.br\/wp-content\/uploads\/2025\/10\/Escritorio5.png\" class=\"attachment-large size-large wp-image-270\" alt=\"\" srcset=\"https:\/\/glprimecost.com.br\/wp-content\/uploads\/2025\/10\/Escritorio5.png 1024w, https:\/\/glprimecost.com.br\/wp-content\/uploads\/2025\/10\/Escritorio5-300x205.png 300w, https:\/\/glprimecost.com.br\/wp-content\/uploads\/2025\/10\/Escritorio5-768x525.png 768w, https:\/\/glprimecost.com.br\/wp-content\/uploads\/2025\/10\/Escritorio5-600x410.png 600w\" sizes=\"(max-width: 800px) 100vw, 800px\" \/>\t\t\t\t\t\t\t\t\t\t\t\t\t\t\t<\/div>\n\t\t\t\t<\/div>\n\t\t<div class=\"elementor-element elementor-element-8c2bc3e e-flex e-con-boxed e-con e-parent\" data-id=\"8c2bc3e\" data-element_type=\"container\" data-settings=\"{&quot;background_background&quot;:&quot;gradient&quot;}\">\n\t\t\t\t\t<div class=\"e-con-inner\">\n\t\t<div class=\"elementor-element elementor-element-b87a058 e-con-full e-flex e-con e-child\" data-id=\"b87a058\" data-element_type=\"container\" data-settings=\"{&quot;background_background&quot;:&quot;gradient&quot;}\">\n\t\t\t\t<div class=\"elementor-element elementor-element-db6bb18 elementor-position-top elementor-widget elementor-widget-image-box\" data-id=\"db6bb18\" data-element_type=\"widget\" data-widget_type=\"image-box.default\">\n\t\t\t\t\t<div class=\"elementor-image-box-wrapper\"><figure class=\"elementor-image-box-img\"><img decoding=\"async\" width=\"300\" height=\"205\" src=\"https:\/\/glprimecost.com.br\/wp-content\/uploads\/2025\/10\/Escritorio5-300x205.png\" class=\"attachment-medium size-medium wp-image-270\" alt=\"\" srcset=\"https:\/\/glprimecost.com.br\/wp-content\/uploads\/2025\/10\/Escritorio5-300x205.png 300w, https:\/\/glprimecost.com.br\/wp-content\/uploads\/2025\/10\/Escritorio5-768x525.png 768w, https:\/\/glprimecost.com.br\/wp-content\/uploads\/2025\/10\/Escritorio5-600x410.png 600w, https:\/\/glprimecost.com.br\/wp-content\/uploads\/2025\/10\/Escritorio5.png 1024w\" sizes=\"(max-width: 300px) 100vw, 300px\" \/><\/figure><div class=\"elementor-image-box-content\"><h5 class=\"elementor-image-box-title\">1. PLANEJAMENTO INICIAL E DEFINI\u00c7\u00d5ES<\/h5><p class=\"elementor-image-box-description\"><i><b>Entre em contato com nossa equipe no<br> seu planejamento inicia<\/b>l<\/i><\/p><\/div><\/div>\t\t\t\t<\/div>\n\t\t\t\t<div class=\"elementor-element elementor-element-ed59581 elementor-widget elementor-widget-text-editor\" data-id=\"ed59581\" data-element_type=\"widget\" data-widget_type=\"text-editor.default\">\n\t\t\t\t\t\t\t\t\t<p>a.) <u>Plano de Neg\u00f3cios:<\/u> Elabore um documento que defina a descri\u00e7\u00e3o do seu neg\u00f3cio, produtos\/servi\u00e7os, p\u00fablico-alvo, an\u00e1lise de mercado, concorr\u00eancia, e planos financeiro e de marketing.<\/p>\n<p>b.) <u>Nome e Atividade:<\/u> Defina o nome da empresa e a(s) atividade(s) que ser\u00e1(\u00e3o) exercida(s), utilizando o CNAE (Classifica\u00e7\u00e3o Nacional de Atividades Econ\u00f4micas).<\/p>\n<p>c.) <u>Porte da Empresa:<\/u> Escolha o porte (Ex: MEI &#8211; Microempreendedor Individual, ME &#8211; Microempresa, EPP &#8211; Empresa de Pequeno Porte).<\/p>\n<p>d.) <u>Natureza Jur\u00eddica:<\/u> Defina o tipo de constitui\u00e7\u00e3o legal (Ex: EI &#8211; Empres\u00e1rio Individual, SLU &#8211; Sociedade Limitada Unipessoal, LTDA &#8211; Sociedade Limitada).<br>Regime Tribut\u00e1rio: Escolha o regime de tributa\u00e7\u00e3o (Ex: Simples Nacional, Lucro Presumido, Lucro Real)<\/p>\n<p><\/p>\t\t\t\t\t\t\t\t<\/div>\n\t\t\t\t<\/div>\n\t\t<div class=\"elementor-element elementor-element-b4d5bd0 e-con-full e-flex e-con e-child\" data-id=\"b4d5bd0\" data-element_type=\"container\" data-settings=\"{&quot;background_background&quot;:&quot;gradient&quot;}\">\n\t\t\t\t<div class=\"elementor-element elementor-element-b147baa elementor-position-top elementor-widget elementor-widget-image-box\" data-id=\"b147baa\" data-element_type=\"widget\" data-widget_type=\"image-box.default\">\n\t\t\t\t\t<div class=\"elementor-image-box-wrapper\"><figure class=\"elementor-image-box-img\"><img loading=\"lazy\" decoding=\"async\" width=\"1024\" height=\"700\" src=\"https:\/\/glprimecost.com.br\/wp-content\/uploads\/2025\/10\/Escritorio5.png\" class=\"attachment-full size-full wp-image-270\" alt=\"\" srcset=\"https:\/\/glprimecost.com.br\/wp-content\/uploads\/2025\/10\/Escritorio5.png 1024w, https:\/\/glprimecost.com.br\/wp-content\/uploads\/2025\/10\/Escritorio5-300x205.png 300w, https:\/\/glprimecost.com.br\/wp-content\/uploads\/2025\/10\/Escritorio5-768x525.png 768w, https:\/\/glprimecost.com.br\/wp-content\/uploads\/2025\/10\/Escritorio5-600x410.png 600w\" sizes=\"(max-width: 1024px) 100vw, 1024px\" \/><\/figure><div class=\"elementor-image-box-content\"><h5 class=\"elementor-image-box-title\">2. VIABILIDADE JUNTO A JUNTA COMERCIAL<\/h5><p class=\"elementor-image-box-description\"><i><b>N\u00f3s te ajudaremos quanto com viabilidade de seu neg\u00f3cio!<\/b><\/i><\/p><\/div><\/div>\t\t\t\t<\/div>\n\t\t\t\t<div class=\"elementor-element elementor-element-22ea943 elementor-widget elementor-widget-text-editor\" data-id=\"22ea943\" data-element_type=\"widget\" data-widget_type=\"text-editor.default\">\n\t\t\t\t\t\t\t\t\t<p>a.) <u>Da consulta de Viabilidade:<\/u> Verifique na Junta Comercial se o nome escolhido est\u00e1 dispon\u00edvel e na prefeitura se o endere\u00e7o \u00e9 permitido para a sua atividade.<\/p>\n<p>b.) <u>Do nome da empresa:<\/u> \u00c9 uma etapa muito importante, pois ser\u00e1 amplamente conhecida pela sua denomina\u00e7\u00e3o, na Junta Comercial n\u00e3o haver\u00e1 duplicidade com o nome ser\u00e1 \u00fanico e&nbsp; autentico.<\/p>\n<p>Teremos as defini\u00e7\u00f5es como sendo a&nbsp; raz\u00e3o social e o nome fantasia para representar os t\u00edtulos da empresa, separadamente ou n\u00e3o dependendo da estrat\u00e9gia comercial a ser adotada.<\/p>\t\t\t\t\t\t\t\t<\/div>\n\t\t\t\t<\/div>\n\t\t<div class=\"elementor-element elementor-element-96c5893 e-con-full e-flex e-con e-child\" data-id=\"96c5893\" data-element_type=\"container\" data-settings=\"{&quot;background_background&quot;:&quot;gradient&quot;}\">\n\t\t\t\t<div class=\"elementor-element elementor-element-4130aaf elementor-position-top elementor-widget elementor-widget-image-box\" data-id=\"4130aaf\" data-element_type=\"widget\" data-widget_type=\"image-box.default\">\n\t\t\t\t\t<div class=\"elementor-image-box-wrapper\"><figure class=\"elementor-image-box-img\"><img loading=\"lazy\" decoding=\"async\" width=\"1024\" height=\"700\" src=\"https:\/\/glprimecost.com.br\/wp-content\/uploads\/2025\/10\/Escritorio5.png\" class=\"attachment-full size-full wp-image-270\" alt=\"\" srcset=\"https:\/\/glprimecost.com.br\/wp-content\/uploads\/2025\/10\/Escritorio5.png 1024w, https:\/\/glprimecost.com.br\/wp-content\/uploads\/2025\/10\/Escritorio5-300x205.png 300w, https:\/\/glprimecost.com.br\/wp-content\/uploads\/2025\/10\/Escritorio5-768x525.png 768w, https:\/\/glprimecost.com.br\/wp-content\/uploads\/2025\/10\/Escritorio5-600x410.png 600w\" sizes=\"(max-width: 1024px) 100vw, 1024px\" \/><\/figure><div class=\"elementor-image-box-content\"><h5 class=\"elementor-image-box-title\">3. REGISTROS E NORMAS LEGAIS DE FUNCIONAMENTO<\/h5><p class=\"elementor-image-box-description\"><i><b>Todos os documentos emitidos pela nossa equipe a sua disposi\u00e7\u00e3o<\/b><\/i><\/p><\/div><\/div>\t\t\t\t<\/div>\n\t\t\t\t<div class=\"elementor-element elementor-element-d45b0fb elementor-widget elementor-widget-text-editor\" data-id=\"d45b0fb\" data-element_type=\"widget\" data-widget_type=\"text-editor.default\">\n\t\t\t\t\t\t\t\t\t<p>a.) <u><b>Contrato Social:<\/b><\/u> Elabore o contrato social da empresa, que \u00e9 um documento essencial. \u00d3rg\u00e3o regulador de abertura, Junta Comercial, Registre o contrato na Junta Comercial do seu estado. CNPJ: Solicite o CNPJ na Receita Federal. Inscri\u00e7\u00f5es:&nbsp;<\/p>\n<p>b.) Providenciar a <u><b>Inscri\u00e7\u00e3o Estadual e Municipal<\/b><\/u>, conforme as atividades da empresa.&nbsp;<\/p>\t\t\t\t\t\t\t\t<\/div>\n\t\t\t\t<\/div>\n\t\t<div class=\"elementor-element elementor-element-6732448 e-con-full e-flex e-con e-child\" data-id=\"6732448\" data-element_type=\"container\" data-settings=\"{&quot;background_background&quot;:&quot;gradient&quot;}\">\n\t\t\t\t<div class=\"elementor-element elementor-element-1b75936 elementor-position-top elementor-widget elementor-widget-image-box\" data-id=\"1b75936\" data-element_type=\"widget\" data-widget_type=\"image-box.default\">\n\t\t\t\t\t<div class=\"elementor-image-box-wrapper\"><figure class=\"elementor-image-box-img\"><img loading=\"lazy\" decoding=\"async\" width=\"1024\" height=\"700\" src=\"https:\/\/glprimecost.com.br\/wp-content\/uploads\/2025\/10\/Escritorio5.png\" class=\"attachment-full size-full wp-image-270\" alt=\"\" srcset=\"https:\/\/glprimecost.com.br\/wp-content\/uploads\/2025\/10\/Escritorio5.png 1024w, https:\/\/glprimecost.com.br\/wp-content\/uploads\/2025\/10\/Escritorio5-300x205.png 300w, https:\/\/glprimecost.com.br\/wp-content\/uploads\/2025\/10\/Escritorio5-768x525.png 768w, https:\/\/glprimecost.com.br\/wp-content\/uploads\/2025\/10\/Escritorio5-600x410.png 600w\" sizes=\"(max-width: 1024px) 100vw, 1024px\" \/><\/figure><div class=\"elementor-image-box-content\"><h5 class=\"elementor-image-box-title\">4. LICENCIAMENTO E ALVAR\u00c1S:<\/h5><p class=\"elementor-image-box-description\"><i><b>As licen\u00e7as, autoriza\u00e7\u00f5es, certid\u00f5es e alvar\u00e1s de funcionamento em dia pela  equipe GL Prime Cost<\/b><\/i><\/p><\/div><\/div>\t\t\t\t<\/div>\n\t\t\t\t<div class=\"elementor-element elementor-element-cc0aa4b elementor-widget elementor-widget-text-editor\" data-id=\"cc0aa4b\" data-element_type=\"widget\" data-widget_type=\"text-editor.default\">\n\t\t\t\t\t\t\t\t\t<p>a.) <b><u>Alvar\u00e1: <\/u><\/b>Solicite o alvar\u00e1 de funcionamento na prefeitura do munic\u00edpio. Itens que comp\u00f5em o dia-a-dia de um escrit\u00f3rio cont\u00e1bil.<\/p>\n<p>b.)&nbsp;Obten\u00e7\u00e3o de todas as <b><u>Licen\u00e7as Espec\u00edficas<\/u><\/b> (Ex: Vigil\u00e2ncia Sanit\u00e1ria, Corpo de Bombeiros), enfim necess\u00e1rias para a atividade profissional e comercial.<\/p>\n<p><br><\/p>\t\t\t\t\t\t\t\t<\/div>\n\t\t\t\t<\/div>\n\t\t\t\t\t<\/div>\n\t\t\t\t<\/div>\n\t\t<div class=\"elementor-element elementor-element-2655fc3 e-flex e-con-boxed e-con e-parent\" data-id=\"2655fc3\" data-element_type=\"container\" data-settings=\"{&quot;background_background&quot;:&quot;gradient&quot;}\">\n\t\t\t\t\t<div class=\"e-con-inner\">\n\t\t<div class=\"elementor-element elementor-element-fedc001 e-con-full e-flex e-con e-child\" data-id=\"fedc001\" data-element_type=\"container\">\n\t\t\t\t<div class=\"elementor-element elementor-element-c4ffd06 elementor-widget elementor-widget-image\" data-id=\"c4ffd06\" data-element_type=\"widget\" data-widget_type=\"image.default\">\n\t\t\t\t\t\t\t\t\t\t\t\t\t\t\t<img loading=\"lazy\" decoding=\"async\" width=\"150\" height=\"150\" src=\"https:\/\/glprimecost.com.br\/wp-content\/uploads\/2025\/10\/GL-Prime-Cost-favicon-150x150.png\" class=\"attachment-thumbnail size-thumbnail wp-image-279\" alt=\"\" srcset=\"https:\/\/glprimecost.com.br\/wp-content\/uploads\/2025\/10\/GL-Prime-Cost-favicon-150x150.png 150w, https:\/\/glprimecost.com.br\/wp-content\/uploads\/2025\/10\/GL-Prime-Cost-favicon-300x300.png 300w, https:\/\/glprimecost.com.br\/wp-content\/uploads\/2025\/10\/GL-Prime-Cost-favicon-100x100.png 100w\" sizes=\"(max-width: 150px) 100vw, 150px\" \/>\t\t\t\t\t\t\t\t\t\t\t\t\t\t\t<\/div>\n\t\t\t\t<div class=\"elementor-element elementor-element-1691f1e elementor-widget elementor-widget-text-editor\" data-id=\"1691f1e\" data-element_type=\"widget\" data-widget_type=\"text-editor.default\">\n\t\t\t\t\t\t\t\t\t<p>Nossa equipe \u00e9 formada por profissionais das \u00e1reas cont\u00e1bil, financeira, tecnol\u00f3gica e jur\u00eddica, especializada na assessoria que as melhores empresas precisam para funcionar e crescer sempre!<\/p>\t\t\t\t\t\t\t\t<\/div>\n\t\t\t\t<\/div>\n\t\t<div class=\"elementor-element elementor-element-cfb3da2 e-con-full e-flex e-con e-child\" data-id=\"cfb3da2\" data-element_type=\"container\">\n\t\t\t\t<div class=\"elementor-element elementor-element-29a3988 elementor-widget elementor-widget-image\" data-id=\"29a3988\" data-element_type=\"widget\" data-widget_type=\"image.default\">\n\t\t\t\t\t\t\t\t\t\t\t\t\t\t\t<img loading=\"lazy\" decoding=\"async\" width=\"800\" height=\"550\" src=\"https:\/\/glprimecost.com.br\/wp-content\/uploads\/2025\/10\/Escritorio7.png\" class=\"attachment-large size-large wp-image-269\" alt=\"\" srcset=\"https:\/\/glprimecost.com.br\/wp-content\/uploads\/2025\/10\/Escritorio7.png 1024w, https:\/\/glprimecost.com.br\/wp-content\/uploads\/2025\/10\/Escritorio7-300x206.png 300w, https:\/\/glprimecost.com.br\/wp-content\/uploads\/2025\/10\/Escritorio7-768x528.png 768w, https:\/\/glprimecost.com.br\/wp-content\/uploads\/2025\/10\/Escritorio7-600x413.png 600w\" sizes=\"(max-width: 800px) 100vw, 800px\" \/>\t\t\t\t\t\t\t\t\t\t\t\t\t\t\t<\/div>\n\t\t\t\t<div class=\"elementor-element elementor-element-5acf9fd elementor-widget elementor-widget-heading\" data-id=\"5acf9fd\" data-element_type=\"widget\" data-widget_type=\"heading.default\">\n\t\t\t\t\t<h6 class=\"elementor-heading-title elementor-size-default\">Na GL Prime Cost conte com uma equipe muito experiente e comprometida com seus neg\u00f3cios sempre!<\/h6>\t\t\t\t<\/div>\n\t\t\t\t<\/div>\n\t\t\t\t\t<\/div>\n\t\t\t\t<\/div>\n\t\t\t\t<\/div>\n\t\t","protected":false},"excerpt":{"rendered":"<p>Abrindo sua empresa hoje comece aproveitar os seus benef\u00edcios, com a equipe da GL Prime Cost a sua disposi\u00e7\u00e3o! Na abertura de uma empresa o planejamento correto desde do princ\u00edpio ser\u00e1 necess\u00e1rio para beneficiar o neg\u00f3cio, visando uma melhor movimenta\u00e7\u00e3o futura, escolher a natureza jur\u00eddica, o ramo e suas atividades relacionadas (CNAE), a viabilidade do [&hellip;]<\/p>\n","protected":false},"author":1,"featured_media":0,"parent":0,"menu_order":0,"comment_status":"closed","ping_status":"closed","template":"elementor_header_footer","meta":{"footnotes":""},"class_list":["post-81","page","type-page","status-publish","hentry"],"_links":{"self":[{"href":"https:\/\/glprimecost.com.br\/index.php?rest_route=\/wp\/v2\/pages\/81","targetHints":{"allow":["GET"]}}],"collection":[{"href":"https:\/\/glprimecost.com.br\/index.php?rest_route=\/wp\/v2\/pages"}],"about":[{"href":"https:\/\/glprimecost.com.br\/index.php?rest_route=\/wp\/v2\/types\/page"}],"author":[{"embeddable":true,"href":"https:\/\/glprimecost.com.br\/index.php?rest_route=\/wp\/v2\/users\/1"}],"replies":[{"embeddable":true,"href":"https:\/\/glprimecost.com.br\/index.php?rest_route=%2Fwp%2Fv2%2Fcomments&post=81"}],"version-history":[{"count":64,"href":"https:\/\/glprimecost.com.br\/index.php?rest_route=\/wp\/v2\/pages\/81\/revisions"}],"predecessor-version":[{"id":617,"href":"https:\/\/glprimecost.com.br\/index.php?rest_route=\/wp\/v2\/pages\/81\/revisions\/617"}],"wp:attachment":[{"href":"https:\/\/glprimecost.com.br\/index.php?rest_route=%2Fwp%2Fv2%2Fmedia&parent=81"}],"curies":[{"name":"wp","href":"https:\/\/api.w.org\/{rel}","templated":true}]}}