{"id":78,"date":"2025-09-23T09:55:04","date_gmt":"2025-09-23T12:55:04","guid":{"rendered":"https:\/\/glprimecost.com.br\/?page_id=78"},"modified":"2025-10-13T15:22:25","modified_gmt":"2025-10-13T18:22:25","slug":"planos","status":"publish","type":"page","link":"https:\/\/glprimecost.com.br\/?page_id=78","title":{"rendered":"Planos"},"content":{"rendered":"\t\t<div data-elementor-type=\"wp-page\" data-elementor-id=\"78\" class=\"elementor elementor-78\" data-elementor-post-type=\"page\">\n\t\t\t\t<div class=\"elementor-element elementor-element-a3903ce e-flex e-con-boxed e-con e-parent\" data-id=\"a3903ce\" data-element_type=\"container\">\n\t\t\t\t\t<div class=\"e-con-inner\">\n\t\t<div class=\"elementor-element elementor-element-bd5c19c e-con-full e-flex e-con e-child\" data-id=\"bd5c19c\" data-element_type=\"container\">\n\t\t\t\t<div class=\"elementor-element elementor-element-b8c863d elementor-widget elementor-widget-image\" data-id=\"b8c863d\" data-element_type=\"widget\" data-widget_type=\"image.default\">\n\t\t\t\t\t\t\t\t\t\t\t\t\t\t\t<img fetchpriority=\"high\" decoding=\"async\" width=\"800\" height=\"532\" src=\"https:\/\/glprimecost.com.br\/wp-content\/uploads\/2025\/10\/imagem_2025-10-05_235334945.png\" class=\"attachment-large size-large wp-image-304\" alt=\"\" srcset=\"https:\/\/glprimecost.com.br\/wp-content\/uploads\/2025\/10\/imagem_2025-10-05_235334945.png 1024w, https:\/\/glprimecost.com.br\/wp-content\/uploads\/2025\/10\/imagem_2025-10-05_235334945-300x200.png 300w, https:\/\/glprimecost.com.br\/wp-content\/uploads\/2025\/10\/imagem_2025-10-05_235334945-768x511.png 768w, https:\/\/glprimecost.com.br\/wp-content\/uploads\/2025\/10\/imagem_2025-10-05_235334945-600x399.png 600w\" sizes=\"(max-width: 800px) 100vw, 800px\" \/>\t\t\t\t\t\t\t\t\t\t\t\t\t\t\t<\/div>\n\t\t\t\t<\/div>\n\t\t<div class=\"elementor-element elementor-element-3bcb4a4 e-con-full e-flex e-con e-child\" data-id=\"3bcb4a4\" data-element_type=\"container\">\n\t\t\t\t<div class=\"elementor-element elementor-element-93b5c21 elementor-widget elementor-widget-heading\" data-id=\"93b5c21\" data-element_type=\"widget\" data-widget_type=\"heading.default\">\n\t\t\t\t\t<h4 class=\"elementor-heading-title elementor-size-default\">Conhe\u00e7a nossos planos para gest\u00e3o de sua empresa<\/h4>\t\t\t\t<\/div>\n\t\t\t\t<div class=\"elementor-element elementor-element-8ca1a13 elementor-widget__width-initial elementor-widget-mobile__width-initial elementor-widget elementor-widget-heading\" data-id=\"8ca1a13\" data-element_type=\"widget\" data-widget_type=\"heading.default\">\n\t\t\t\t\t<h6 class=\"elementor-heading-title elementor-size-default\">Aqui voc\u00ea encontra a gest\u00e3o da sua empresa com o valor que cabe dentro do seu or\u00e7amento, conte com nossos planos e obtenha a assessoria cont\u00e1bil necess\u00e1ria a seu neg\u00f3cio!<\/h6>\t\t\t\t<\/div>\n\t\t\t\t<\/div>\n\t\t\t\t\t<\/div>\n\t\t\t\t<\/div>\n\t\t<div class=\"elementor-element elementor-element-86db4b6 e-flex e-con-boxed e-con e-parent\" data-id=\"86db4b6\" data-element_type=\"container\">\n\t\t\t\t\t<div class=\"e-con-inner\">\n\t\t\t\t<div class=\"elementor-element elementor-element-899e89f elementor-widget elementor-widget-heading\" data-id=\"899e89f\" data-element_type=\"widget\" data-widget_type=\"heading.default\">\n\t\t\t\t\t<h4 class=\"elementor-heading-title elementor-size-default\">Economize com nossos pacotes de servi\u00e7os!<\/h4>\t\t\t\t<\/div>\n\t\t\t\t\t<\/div>\n\t\t\t\t<\/div>\n\t\t<div class=\"elementor-element elementor-element-2ea7964 e-flex e-con-boxed e-con e-parent\" data-id=\"2ea7964\" data-element_type=\"container\" data-settings=\"{&quot;background_background&quot;:&quot;gradient&quot;}\">\n\t\t\t\t\t<div class=\"e-con-inner\">\n\t\t<div class=\"elementor-element elementor-element-9b7910b e-con-full e-flex e-con e-child\" data-id=\"9b7910b\" data-element_type=\"container\" data-settings=\"{&quot;background_background&quot;:&quot;gradient&quot;}\">\n\t\t\t\t<div class=\"elementor-element elementor-element-afe73f0 elementor-widget elementor-widget-heading\" data-id=\"afe73f0\" data-element_type=\"widget\" data-widget_type=\"heading.default\">\n\t\t\t\t\t<h6 class=\"elementor-heading-title elementor-size-default\">PLANO PRIME - 1<\/h6>\t\t\t\t<\/div>\n\t\t\t\t<div class=\"elementor-element elementor-element-6458ed9 elementor-widget elementor-widget-text-editor\" data-id=\"6458ed9\" data-element_type=\"widget\" data-widget_type=\"text-editor.default\">\n\t\t\t\t\t\t\t\t\t<ul><li>Gest\u00e3o cont\u00e1bil<\/li><li>Certifica\u00e7\u00e3o Digital<\/li><li>Abertura de empresa<\/li><li>Suporte t\u00e9cnico<\/li><li>Emiss\u00e3o de notas-fiscais<\/li><li>\u00a0Atendimento &#8220;online&#8221;<\/li><li>Whatsapp Business<\/li><li>Dos s\u00f3cio = Pr\u00f3-Labore<\/li><li>\u00a0<\/li><\/ul>\t\t\t\t\t\t\t\t<\/div>\n\t\t\t\t<\/div>\n\t\t<div class=\"elementor-element elementor-element-dd4796d e-con-full e-flex e-con e-child\" data-id=\"dd4796d\" data-element_type=\"container\" data-settings=\"{&quot;background_background&quot;:&quot;gradient&quot;}\">\n\t\t\t\t<div class=\"elementor-element elementor-element-0ce75f8 elementor-widget elementor-widget-heading\" data-id=\"0ce75f8\" data-element_type=\"widget\" data-widget_type=\"heading.default\">\n\t\t\t\t\t<h6 class=\"elementor-heading-title elementor-size-default\">PLANO ADVANCE - 2<\/h6>\t\t\t\t<\/div>\n\t\t\t\t<div class=\"elementor-element elementor-element-3fc2161 elementor-widget elementor-widget-text-editor\" data-id=\"3fc2161\" data-element_type=\"widget\" data-widget_type=\"text-editor.default\">\n\t\t\t\t\t\t\t\t\t<ul><li>Gest\u00e3o cont\u00e1bil<\/li><li>Certifica\u00e7\u00e3o Digital<\/li><li>Abertura de empresa<\/li><li>Suporte t\u00e9cnico<\/li><li>Emiss\u00e3o de notas-fiscais<\/li><li>\u00a0Atendimento &#8220;online&#8221;<\/li><li>Whatsapp Business<\/li><li>Dos s\u00f3cio = Pr\u00f3-Labore<\/li><li>Sistema Fluxo de Caixa<\/li><\/ul>\t\t\t\t\t\t\t\t<\/div>\n\t\t\t\t<\/div>\n\t\t<div class=\"elementor-element elementor-element-5f3e8c3 e-con-full e-flex e-con e-child\" data-id=\"5f3e8c3\" data-element_type=\"container\" data-settings=\"{&quot;background_background&quot;:&quot;gradient&quot;}\">\n\t\t\t\t<div class=\"elementor-element elementor-element-5922f4f elementor-widget elementor-widget-heading\" data-id=\"5922f4f\" data-element_type=\"widget\" data-widget_type=\"heading.default\">\n\t\t\t\t\t<h6 class=\"elementor-heading-title elementor-size-default\">PLANO AMPLO - 3<\/h6>\t\t\t\t<\/div>\n\t\t\t\t<div class=\"elementor-element elementor-element-4ae84c3 elementor-widget elementor-widget-text-editor\" data-id=\"4ae84c3\" data-element_type=\"widget\" data-widget_type=\"text-editor.default\">\n\t\t\t\t\t\t\t\t\t<ul><li>Sistema Fluxo de Caixa<\/li><\/ul><ul><li>Gest\u00e3o cont\u00e1bil<\/li><li>Certifica\u00e7\u00e3o Digital<\/li><li>Abertura de empresa<\/li><li>Suporte t\u00e9cnico<\/li><li>Emiss\u00e3o de notas-fiscais<\/li><li>\u00a0Atendimento &#8220;online&#8221;<\/li><li>Whatsapp Business<\/li><li>Dos s\u00f3cio = Pr\u00f3-Labore<\/li><li style=\"font-size: 16px;\">Sistema Fluxo de Caixa\u00a0<\/li><li style=\"font-size: 16px;\">Conta Jur\u00eddica<\/li><li>Consult\u00f3ria<\/li><\/ul>\t\t\t\t\t\t\t\t<\/div>\n\t\t\t\t<\/div>\n\t\t<div class=\"elementor-element elementor-element-63bb5bc e-con-full e-flex e-con e-child\" data-id=\"63bb5bc\" data-element_type=\"container\" data-settings=\"{&quot;background_background&quot;:&quot;gradient&quot;}\">\n\t\t\t\t<div class=\"elementor-element elementor-element-26aa84d elementor-widget elementor-widget-heading\" data-id=\"26aa84d\" data-element_type=\"widget\" data-widget_type=\"heading.default\">\n\t\t\t\t\t<h6 class=\"elementor-heading-title elementor-size-default\">PLANO PERSONAL - 4<\/h6>\t\t\t\t<\/div>\n\t\t\t\t<div class=\"elementor-element elementor-element-d5f3d7e elementor-widget elementor-widget-text-editor\" data-id=\"d5f3d7e\" data-element_type=\"widget\" data-widget_type=\"text-editor.default\">\n\t\t\t\t\t\t\t\t\t<ul><li>Gest\u00e3o cont\u00e1bil<\/li><li>Certifica\u00e7\u00e3o Digital<\/li><li>Abertura de empresa<\/li><li>Suporte t\u00e9cnico<\/li><li>Emiss\u00e3o de notas-fiscais<\/li><li>\u00a0Atendimento &#8220;online&#8221;<\/li><li>Whatsapp Business<\/li><li>Dos s\u00f3cio = Pr\u00f3-Labore<\/li><li style=\"font-size: 16px;\">Sistema Fluxo de Caixa\u00a0<\/li><li style=\"font-size: 16px;\">Conta Jur\u00eddica<\/li><li>Consultoria<\/li><li>Benef\u00edcios Extras (conhe\u00e7a as vantagens)<\/li><\/ul>\t\t\t\t\t\t\t\t<\/div>\n\t\t\t\t<\/div>\n\t\t\t\t\t<\/div>\n\t\t\t\t<\/div>\n\t\t<div class=\"elementor-element elementor-element-8268d3d e-flex e-con-boxed e-con e-parent\" data-id=\"8268d3d\" data-element_type=\"container\" data-settings=\"{&quot;background_background&quot;:&quot;gradient&quot;}\">\n\t\t\t\t\t<div class=\"e-con-inner\">\n\t\t<div class=\"elementor-element elementor-element-4308aaa e-con-full e-flex e-con e-child\" data-id=\"4308aaa\" data-element_type=\"container\">\n\t\t\t\t<div class=\"elementor-element elementor-element-40c2eee elementor-align-center elementor-widget elementor-widget-button\" data-id=\"40c2eee\" data-element_type=\"widget\" data-widget_type=\"button.default\">\n\t\t\t\t\t\t\t\t\t\t<a class=\"elementor-button elementor-button-link elementor-size-sm\" href=\"#\">\n\t\t\t\t\t\t<span class=\"elementor-button-content-wrapper\">\n\t\t\t\t\t\t\t\t\t<span class=\"elementor-button-text\">Contratar PLANO  1<\/span>\n\t\t\t\t\t<\/span>\n\t\t\t\t\t<\/a>\n\t\t\t\t\t\t\t\t<\/div>\n\t\t\t\t<\/div>\n\t\t<div class=\"elementor-element elementor-element-d9d24a3 e-con-full e-flex e-con e-child\" data-id=\"d9d24a3\" data-element_type=\"container\">\n\t\t\t\t<div class=\"elementor-element elementor-element-4ac09bf elementor-align-center elementor-widget elementor-widget-button\" data-id=\"4ac09bf\" data-element_type=\"widget\" data-widget_type=\"button.default\">\n\t\t\t\t\t\t\t\t\t\t<a class=\"elementor-button elementor-button-link elementor-size-sm\" href=\"#\">\n\t\t\t\t\t\t<span class=\"elementor-button-content-wrapper\">\n\t\t\t\t\t\t\t\t\t<span class=\"elementor-button-text\">Contratar PLANO  2<\/span>\n\t\t\t\t\t<\/span>\n\t\t\t\t\t<\/a>\n\t\t\t\t\t\t\t\t<\/div>\n\t\t\t\t<\/div>\n\t\t<div class=\"elementor-element elementor-element-15ffb31 e-con-full e-flex e-con e-child\" data-id=\"15ffb31\" data-element_type=\"container\">\n\t\t\t\t<div class=\"elementor-element elementor-element-43ceb36 elementor-align-center elementor-widget elementor-widget-button\" data-id=\"43ceb36\" data-element_type=\"widget\" data-widget_type=\"button.default\">\n\t\t\t\t\t\t\t\t\t\t<a class=\"elementor-button elementor-button-link elementor-size-sm\" href=\"#\">\n\t\t\t\t\t\t<span class=\"elementor-button-content-wrapper\">\n\t\t\t\t\t\t\t\t\t<span class=\"elementor-button-text\">Contratar PLANO  3<\/span>\n\t\t\t\t\t<\/span>\n\t\t\t\t\t<\/a>\n\t\t\t\t\t\t\t\t<\/div>\n\t\t\t\t<\/div>\n\t\t<div class=\"elementor-element elementor-element-6cabeb4 e-con-full e-flex e-con e-child\" data-id=\"6cabeb4\" data-element_type=\"container\">\n\t\t\t\t<div class=\"elementor-element elementor-element-44a66db elementor-align-center elementor-widget elementor-widget-button\" data-id=\"44a66db\" data-element_type=\"widget\" data-widget_type=\"button.default\">\n\t\t\t\t\t\t\t\t\t\t<a class=\"elementor-button elementor-button-link elementor-size-sm\" href=\"#\">\n\t\t\t\t\t\t<span class=\"elementor-button-content-wrapper\">\n\t\t\t\t\t\t\t\t\t<span class=\"elementor-button-text\">Contratar PLANO  4<\/span>\n\t\t\t\t\t<\/span>\n\t\t\t\t\t<\/a>\n\t\t\t\t\t\t\t\t<\/div>\n\t\t\t\t<\/div>\n\t\t\t\t\t<\/div>\n\t\t\t\t<\/div>\n\t\t<div class=\"elementor-element elementor-element-6a4b6cb e-flex e-con-boxed e-con e-parent\" data-id=\"6a4b6cb\" data-element_type=\"container\" data-settings=\"{&quot;background_background&quot;:&quot;gradient&quot;}\">\n\t\t\t\t\t<div class=\"e-con-inner\">\n\t\t\t\t<div class=\"elementor-element elementor-element-7d15cdc elementor-widget elementor-widget-text-editor\" data-id=\"7d15cdc\" data-element_type=\"widget\" data-widget_type=\"text-editor.default\">\n\t\t\t\t\t\t\t\t\t<b>Observa\u00e7\u00e3o:<\/b> Temos servi\u00e7os para sua Folha de Pagamento\u00a0 (<strong>SRHP &#8211;\u00a0 <\/strong>Sistema Recursos Humanos Prime) no<p> nosso setor da GL Prime Cost, administra\u00e7\u00e3o completa.\t\t\t\t\t\t\t\t<\/div>\n\t\t\t\t<div class=\"elementor-element elementor-element-f6135ff elementor-align-center elementor-widget elementor-widget-button\" data-id=\"f6135ff\" data-element_type=\"widget\" data-widget_type=\"button.default\">\n\t\t\t\t\t\t\t\t\t\t<a class=\"elementor-button elementor-button-link elementor-size-sm\" href=\"#\">\n\t\t\t\t\t\t<span class=\"elementor-button-content-wrapper\">\n\t\t\t\t\t\t\t\t\t<span class=\"elementor-button-text\">FOLHA DE PAGAMENTO CONSULTE-NOS<\/span>\n\t\t\t\t\t<\/span>\n\t\t\t\t\t<\/a>\n\t\t\t\t\t\t\t\t<\/div>\n\t\t\t\t\t<\/div>\n\t\t\t\t<\/div>\n\t\t\t\t<\/div>\n\t\t","protected":false},"excerpt":{"rendered":"<p>Conhe\u00e7a nossos planos para gest\u00e3o de sua empresa Aqui voc\u00ea encontra a gest\u00e3o da sua empresa com o valor que cabe dentro do seu or\u00e7amento, conte com nossos planos e obtenha a assessoria cont\u00e1bil necess\u00e1ria a seu neg\u00f3cio! Economize com nossos pacotes de servi\u00e7os! PLANO PRIME &#8211; 1 Gest\u00e3o cont\u00e1bil Certifica\u00e7\u00e3o Digital Abertura de empresa [&hellip;]<\/p>\n","protected":false},"author":1,"featured_media":0,"parent":0,"menu_order":0,"comment_status":"closed","ping_status":"closed","template":"elementor_header_footer","meta":{"footnotes":""},"class_list":["post-78","page","type-page","status-publish","hentry"],"_links":{"self":[{"href":"https:\/\/glprimecost.com.br\/index.php?rest_route=\/wp\/v2\/pages\/78","targetHints":{"allow":["GET"]}}],"collection":[{"href":"https:\/\/glprimecost.com.br\/index.php?rest_route=\/wp\/v2\/pages"}],"about":[{"href":"https:\/\/glprimecost.com.br\/index.php?rest_route=\/wp\/v2\/types\/page"}],"author":[{"embeddable":true,"href":"https:\/\/glprimecost.com.br\/index.php?rest_route=\/wp\/v2\/users\/1"}],"replies":[{"embeddable":true,"href":"https:\/\/glprimecost.com.br\/index.php?rest_route=%2Fwp%2Fv2%2Fcomments&post=78"}],"version-history":[{"count":13,"href":"https:\/\/glprimecost.com.br\/index.php?rest_route=\/wp\/v2\/pages\/78\/revisions"}],"predecessor-version":[{"id":483,"href":"https:\/\/glprimecost.com.br\/index.php?rest_route=\/wp\/v2\/pages\/78\/revisions\/483"}],"wp:attachment":[{"href":"https:\/\/glprimecost.com.br\/index.php?rest_route=%2Fwp%2Fv2%2Fmedia&parent=78"}],"curies":[{"name":"wp","href":"https:\/\/api.w.org\/{rel}","templated":true}]}}